e prime factors of f(r).
2
Let t(n) = -n - 3. Let m(z) = 2*z + 3. Let p(x) = -2*m(x) - 3*t(x). Let u be p(2). Suppose -2*q + 13 = u. What are the prime factors of q?
2, 3
Suppose -q + 13 = -3*x - 55, 3*x = 0. Suppose 5*f - d = -2*d + 102, 3*f - q = -4*d. List the prime factors of f.
2, 5
Let m = -3 + 8. Suppose -5*k - 5*h - 15 = 0, -m*k - 3*h + 1 = 10. What are the prime factors of -2 + (k - -1) - -6?
5
Let v(h) = -h**3 + 5*h**2 - h - 1. Let x be v(2). Suppose -x - 4 = q. Let o = -1 - q. What are the prime factors of o?
2, 3
Let j = 20 - 41. List the prime factors of 10/3 + 7/j.
3
Suppose -3*m - 27 - 3 = 0. List the prime factors of 144/20 + 2/m.
7
Let s(c) = -c**2 - 10*c + 3. Let n be s(-5). Let z = -16 + n. List the prime factors of z.
2, 3
Suppose -l - 34 = d + 7, 5*d + 5 = 0. Let x be 404/(-5) - (-8)/l. What are the prime factors of (x/(-12))/((-12)/(-32))?
2, 3
Suppose -4*i = 2*f - 100, 122 = 3*f + 2*i - 3*i. List the prime factors of f.
2, 3, 7
List the prime factors of (-4 - -6) + (86 - 1).
3, 29
Let b be (-4 - (-2 - -1)) + -11. Let x = -2 - b. List the prime factors of x.
2, 3
Suppose -51 = 3*f + 27. Let j be (f/(-10) - 3)*-10. Suppose -q + 64 = 5*y, -20 = -3*y - 0*y + j*q. What are the prime factors of y?
2, 3
Let s(a) be the second derivative of 5*a**3/6 + 9*a**2/2 + 7*a. List the prime factors of s(5).
2, 17
Let q = 0 + 3. Suppose 2*v - j = -2*j - 10, q*v - 3*j + 33 = 0. Let h = 3 - v. List the prime factors of h.
2, 5
Let h(l) be the second derivative of l**4/2 + l**3/3 + l**2/2 + 3*l. Let p be (1/(-2)*-2)/(-1). What are the prime factors of h(p)?
5
Let t(m) be the second derivative of -m**4/12 + m**3 + 2*m**2 - 7*m. List the prime factors of t(6).
2
Let r be (-4)/(-10) - 57/5. Suppose 5 = -4*v - 5*y, 5*v + 0*v + 5*y = -5. What are the prime factors of (0 - r) + -1 + v?
2, 5
Let y be 2/(-6)*-3*7. Let f(u) = -3*u**2 + 2*u**2 - y*u + 0*u**2 + 1 + 10. What are the prime factors of f(-8)?
3
Let w(s) = -s + 4. Let l(y) = y**2 - 9*y + 6. Let q be l(6). Let z = 4 + q. What are the prime factors of w(z)?
2, 3
Let m be 1*2*(-18)/4. Let y = m - -18. List the prime factors of y.
3
Suppose 0*p = -p - 10. Let o be 1/3 - p/6. Suppose -o*f + 26 = -0*f. List the prime factors of f.
13
Suppose 2*i = 1 + 7. Suppose -2*r + 6*r + 4 = 3*n, -4*n = -16. Suppose -5*t - i*w - 6 = 0, 5*w = 3*t + r*t - 30. What are the prime factors of t?
2
Suppose 205 = -5*d + 1855. List the prime factors of d.
2, 3, 5, 11
Let u(z) = z + 3. Let i be u(-5). Let x be (-6)/2 - (i + -19). Let h = -8 + x. What are the prime factors of h?
2, 5
Let z = -1 - 1. Let a = z + 4. Suppose 0 = f + a*f - 27. List the prime factors of f.
3
Suppose -45 = 4*w + 399. Let x = w - -158. List the prime factors of x.
47
List the prime factors of 20 - (-3)/((-6)/(-8)).
2, 3
Suppose 0 = 5*u + c - 34, 2*c + 12 = u - 3*c. List the prime factors of u.
7
Let j(t) = t**2 - 3*t. Let g be 6 + ((-4)/(-2))/(-1). Let c be j(g). What are the prime factors of 310/18 - c/18?
17
Suppose 2*x + 0*x + 2*r = -14, -r = 3*x + 21. Let d = -36 - -17. Let b = x - d. List the prime factors of b.
2, 3
Let o = 7 - -14. Let z be 18/4 + (-2)/4. Suppose p = 4*g - z*p, o = g + 4*p. What are the prime factors of g?
5
Let x(b) = -b**2 + 13*b + 9. List the prime factors of x(13).
3
Suppose -2*m + 4*q - 1180 = -6*m, 865 = 3*m - 2*q. List the prime factors of m.
3, 97
List the prime factors of (-214)/(-4) - 10/20.
53
Let c be ((-2)/6)/((-3)/27). Suppose 4*p - 65 - c = 0. List the prime factors of p.
17
List the prime factors of 8/28 - 24/(-14).
2
Let h = 3 + 0. Let d be (2 - 2)*h/6. Suppose d*n + n = 13. List the prime factors of n.
13
Let c = 4 - -1. Suppose -c*r = 35 + 5. What are the prime factors of -2 + 4 - r - 2?
2
Let s(o) = 7*o - 1. List the prime factors of s(1).
2, 3
Let t = 5 - 0. Let z = t + -2. List the prime factors of z.
3
Let t be ((-2)/4)/(1/(-4)). Let q be (108/(-60))/(2/(-30)). Suppose 5*r = t*r + q. What are the prime factors of r?
3
Let y(x) = x**3 - 7*x**2 + 5*x + 4. Let u be y(6). Let s be u/(-10) - (-1)/(-5). Suppose s*h + h = 7. List the prime factors of h.
7
Let i(f) = 2*f**2. Let b be i(1). Suppose 26 = 3*m + b*m - 4*y, -5*m + 2*y = -18. Suppose n - 4*n = 4*t - 10, n + 4*t + m = 0. What are the prime factors of n?
2, 3
Suppose -11*m + 2854 - 159 = 0. List the prime factors of m.
5, 7
Let p(b) = -b**3 + 4*b**2 - b - 2. Let s be p(3). Suppose -3*j + 4*n = -34, 14 + 26 = s*j - 4*n. What are the prime factors of j?
2, 3
Let o = 0 + -12. Let m = o + 4. Let d(h) = -h**3 - 7*h**2 + 8*h + 10. List the prime factors of d(m).
2, 5
Suppose 4*s + 5*v = 5*s + 16, -3*v = -3*s. Suppose -6 = s*a - 70. Suppose -d - a = -2*c, 2*c - 17 - 3 = 3*d. What are the prime factors of c?
7
List the prime factors of -3 + 4*3 + (2 - 2).
3
Suppose -95 = 6*p - 473. List the prime factors of p.
3, 7
Let o be -4*(8 - 3) + 2. Let k = 49 + o. List the prime factors of k.
31
Suppose -4*j + 3 - 1 = -5*y, -4*j + 14 = y. What are the prime factors of y?
2
Suppose -2*n = 3*j - 5, -5*j + 3*j - 3 = -5*n. Let m be 3/(-1) - (-2 + -4). Let v = m - j. List the prime factors of v.
2
Let d(y) = 17*y**2 + y + 1. Let h(t) = t + 8. Let j be h(-9). List the prime factors of d(j).
17
Suppose 0 = m - 6*b + 5*b - 13, b - 4 = 0. Let l = m - 8. What are the prime factors of l?
3
Suppose -7*k = -6*k - 160. What are the prime factors of k?
2, 5
List the prime factors of (9600/9)/(-8)*6/(-5).
2, 5
Let v = -141 + 206. List the prime factors of v.
5, 13
Let n be (1/(-2))/((-1)/(-16)). Let f(m) = -48*m - 144. Let h(c) = 3*c + 9. Let y(p) = -2*f(p) - 33*h(p). List the prime factors of y(n).
3, 5
Let q = 217 - -22. List the prime factors of q.
239
Let p = 6 - 1. What are the prime factors of p/(30/9)*10?
3, 5
Suppose 0 = -2*g + g + 2*u + 60, 0 = -5*u. What are the prime factors of g?
2, 3, 5
Let i be (-9)/2*(3 + 1). Let b = -12 - i. Let c = 8 - b. List the prime factors of c.
2
Suppose -36*l = -39*l + 276. What are the prime factors of l?
2, 23
Suppose 3*k - 11 - 31 = 0. Suppose -4*r + 6 = -10. Suppose -i = -k + r. What are the prime factors of i?
2, 5
Let u(c) = -11*c + 16. Let s(v) = 4*v - 5. Let x(g) = 8*s(g) + 3*u(g). Let i be x(7). List the prime factors of i/5 - (-29)/5.
2, 3
Suppose a + 4 = 3*a. Suppose -a*l + 10 = -l. List the prime factors of l.
2, 5
Let i(d) = -d**3 + 6*d**2 - 4*d + 1. Let c(j) = -j**3 - 8*j**2 - 7*j + 5. Let n be c(-7). List the prime factors of i(n).
2, 3
Suppose -180 = -5*m + 3*r, 0 = -0*m - 4*m + r + 137. List the prime factors of m.
3, 11
Suppose -948 = 2*p + 5*y, -p - 3*y + y = 476. List the prime factors of 8/(-28) - p/28.
17
Let b be (-3 - -7)/(2 - 1). Suppose x - 37 = -u - 3*u, 105 = 5*x + b*u. Suppose 2*s = 3*h - x, -4*s - 4 = 6*h - 2*h. List the prime factors of h.
3
Suppose -4*v = -5*b - 1295, -4*v + 7*b = 9*b - 1302. What are the prime factors of v?
5, 13
Suppose -2*z = -37 + 23. Suppose 0 = -q + 8 + z. List the prime factors of q.
3, 5
Let q = -15 - -19. Suppose -3*r = r + 4*w, 2*w = -q*r + 6. List the prime factors of r.
3
Let u(f) = -f**2 - f + 1. Let w(k) = -3*k**2 + 6*k + 18. Let g(t) = -4*u(t) + w(t). What are the prime factors of g(-10)?
2, 7
Suppose 3*t = -2*t + 205. What are the prime factors of t?
41
Suppose 4*u = -0*u + 8. Let g = 6 - u. List the prime factors of g*6/(-8)*-2.
2, 3
Suppose 0 = -3*a - z + 18, -a + 29 = a - 5*z. Suppose -11*l + 6*l = -5. Let d = a - l. List the prime factors of d.
2, 3
List the prime factors of 1/3 + 1536/36.
43
Let j be (7 + -6)/((-1)/7). Let t be (-4)/(-10) - 390/(-25). Let n = j + t. List the prime factors of n.
3
Let i = -1 + 12. Let p = 13 - i. Suppose -p*m = -19 - 5. What are the prime factors of m?
2, 3
Let n be (2 - -3) + 10/(-5). Let z(a) = 8*a. Let o be z(6). Suppose b - o = -n*b. What are the prime factors of b?
2, 3
Suppose -2*i - 16 = d - 42, 0 = 3*d + 3*i - 93. Let c = d + 1. What are the prime factors of c?
37
Suppose 5*g - 5*m = 20, -g + 18 = 3*g - 3*m. What are the prime factors of 3/g*-1*-58?
29
Let x(b) be the third derivative of -b**4/8 - 7*b**3/6 - 8*b**2. What are the prime factors of x(-8)?
17
Suppose 3*s + 104 = 4*c + 7*s, -2*s + 77 = 3*c. List the prime factors of c.
5
Suppose b = 3 - 1. Suppose 1 + b = h. Suppose 0 = -2*k - 4, -2*p + 0*p + h*k + 18 = 0. What a